{"id":6,"date":"2019-01-15T17:40:13","date_gmt":"2019-01-15T17:40:13","guid":{"rendered":"http:\/\/bodysmile.de\/wordpress\/?page_id=6"},"modified":"2024-10-20T07:16:28","modified_gmt":"2024-10-20T07:16:28","slug":"bodysmile","status":"publish","type":"page","link":"https:\/\/bodysmile.de\/","title":{"rendered":"BodySmile"},"content":{"rendered":"<div class=\"wpb-content-wrapper\"><p>[vc_row el_id=&#8220;bodysmile&#8220;][vc_column][vc_single_image image=&#8220;29&#8243; img_size=&#8220;full&#8220; alignment=&#8220;center&#8220; image_hovers=&#8220;false&#8220; lazy_loading=&#8220;true&#8220;][\/vc_column][\/vc_row][vc_row css=&#8220;.vc_custom_1547659967716{padding-bottom: 30px !important;}&#8220;][vc_column][vc_column_text]<\/p>\r\n<h3 style=\"text-align: center;\">\u00a0<\/h3>\r\n<p>Ihre Praxis f\u00fcr ganzheitliche K\u00f6rperarbeit auf Sylt.<\/p>\r\n\r\n<p>[\/vc_column_text][\/vc_column][\/vc_row][vc_row][vc_column width=&#8220;1\/2&#8243;][vc_column_text]<\/p>\r\n<p>BodySmile bieten Ihnen Massagen und Therapeutische Behandlungen in Kampen im <a href=\"#anfahrt\">Godewind<\/a>.<\/p>\r\n<p>[\/vc_column_text][\/vc_column][vc_column width=&#8220;1\/2&#8243;][vc_column_text]<\/p>\r\n<p>Medizinische Massagen, Ayurvedische Anwendungen sowie unsere Therapeutischen Behandlungen verhelfen Ihnen zu neuer &#8222;Energie und Lebensfreude&#8220;. \u2013 Lassen Sie sich verw\u00f6hnen!<\/p>\r\n<p>[\/vc_column_text][\/vc_column][\/vc_row][vc_row disable_element=&#8220;yes&#8220;][vc_column][vc_separator][\/vc_column][\/vc_row][vc_row bg_type=&#8220;image&#8220; parallax_style=&#8220;vcpb-vz-jquery&#8220; bg_image_new=&#8220;id^234|url^http:\/\/bodysmile.de\/wordpress\/wp-content\/uploads\/2019\/02\/Hintergrund_Massage.jpg|caption^null|alt^null|title^Hintergrund_Massage|description^null&#8220; bg_image_repeat=&#8220;no-repeat&#8220; bg_image_size=&#8220;initial&#8220; parallax_sense=&#8220;30&#8243; bg_override=&#8220;full&#8220; css=&#8220;.vc_custom_1550251004749{padding-top: 60px !important;padding-bottom: 35px !important;}&#8220; el_id=&#8220;massage&#8220;][vc_column css=&#8220;.vc_custom_1550397446664{padding-top: 30px !important;}&#8220;][vc_column_text]<\/p>\r\n<h1 style=\"text-align: center;\">Massagen &amp; Therapeutische Behandlungen<\/h1>\r\n<p style=\"text-align: center;\"><!-- \/wp:paragraph --><\/p>\r\n<p>[\/vc_column_text][vc_column_text css=&#8220;.vc_custom_1550220017675{padding-bottom: 30px !important;}&#8220;]<\/p>\r\n<div class=\"text\">\r\n<div class=\"text\">\r\n<h3 style=\"text-align: center;\">Ganzk\u00f6rpermassage<\/h3>\r\n<p style=\"text-align: center;\">Durch die Kombination von <strong>klassischer Massage, Akupressur und Fu\u00dfreflexzonenbehandlungen<\/strong> kann sich der ganze K\u00f6rper in wohltuender Weise entspannen.<\/p>\r\n<p style=\"text-align: center;\">Ausgew\u00e4hlte Pflanzen\u00f6le und Aromen n\u00e4hren die Haut, hinterlassen sie weich und geschmeidig, und tragen zur tiefgehenden Entspannung bei.<\/p>\r\n<p>&nbsp;<\/p>\r\n<h3 style=\"text-align: center;\">Tiefengewebsmassage<\/h3>\r\n<p style=\"text-align: center;\">Mit Hilfe des <b>Atems, sanfter und tiefer Bindegewebsmassage und Gelenklockerungen, <\/b> kann sich der K\u00f6rper entspannen, von Stress und Unruhe befreien, der Verstand findet Ruhe, und der Geist mehr Klarheit &#8211; <b>eine Einladung zum Loslassen!<\/b><\/p>\r\n<p style=\"text-align: center;\">Tiefengewebsmassage ist eine Methode, bei der die Aufmerksamkeit haupts\u00e4chlich auf die Faszien im K\u00f6rper gerichtet ist.<\/p>\r\n<p style=\"text-align: center;\">Faszien (vereinfacht gesagt: ein Netz aus Bindegewebe, was dem K\u00f6rper Halt und Struktur gibt) ) sind oft verklebt und verk\u00fcrzt, und diese Bindegewebsmassage l\u00f6st auf sanfte und kraftvolle Art tieferliegende Spannungen auf.<\/p>\r\n<p>&nbsp;<\/p>\r\n<h3 style=\"text-align: center;\">Fu\u00dfreflexzonenmassage<\/h3>\r\n<p style=\"text-align: center;\"><b>Reflexzonen sind Punkte und Zonen<\/b>, die sich am K\u00f6rper befinden, (z.B. an H\u00e4nden, F\u00fc\u00dfen, Ohren, R\u00fccken ) und in Verbindung zu den inneren Organen und Geweben stehen. Die F\u00fc\u00dfe stellen <b>ein verkleinertes Abbild des K\u00f6rpers<\/b> dar.<\/p>\r\n<p style=\"text-align: center;\">\u00dcber die Fu\u00dfreflexzonenmassage k\u00f6nnen K\u00f6rper &#8211; und Organfunktionen harmonisiert und gest\u00e4rkt, <b>k\u00f6rpereigene Heilkr\u00e4fte mobilisiert<\/b> werden.<\/p>\r\n<p style=\"text-align: center;\">Sie wird zur regelm\u00e4\u00dfigen Gesundheitsvorsorge von \u00c4rzten und Heilpraktikern empfohlen und zur Unterst\u00fctzung bei einfachen Gesundheitsst\u00f6rungen, ersetzt aber nicht den Arztbesuch bei akuten Beschwerden.<\/p>\r\n<p style=\"text-align: center;\"><b> Fu\u00dfreflexzonenmassage:<br \/><\/b>intensiviert und verbessert die Durchblutung von Organen, Haut und Gewebe<br \/>dient zur Harmonisierung der Organfunktionen<br \/>verhilft zu k\u00f6rperlich &#8211; seelischem Wohlbefinden<br \/>hilft, sich zu entspannen und innere Ruhe zu finden<br \/>erfrischt den Schlaf und reguliert Schlafst\u00f6rungen<br \/>hilft bei Menstruationsbeschwerden<\/p>\r\n<p>&nbsp;<\/p>\r\n<h3 style=\"text-align: center;\">Manuelle Lymphdrainage (Kopf und Gesicht)<\/h3>\r\n<p style=\"text-align: center;\">sanfte, pumpende Ber\u00fchrung sorgt f\u00fcr <strong>Entstauung<\/strong> und besseren <strong>Lymphfluss<\/strong>.<\/p>\r\n<p>&nbsp;<\/p>\r\n<h3 style=\"text-align: center;\">Reiki<\/h3>\r\n<p style=\"text-align: center;\">Reiki ist die <strong>\u00dcbertragung von Heilenergie durch Handauflegen<\/strong> am bekleideten K\u00f6rper.<br \/>Hierbei wird der K\u00f6rper mit zus\u00e4tzlicher \u00a0<strong>Lebenskraft<\/strong> durchstr\u00f6mt, die er nutzen kann, <strong>um Heilungsvorg\u00e4nge einzuleiten<\/strong> oder zu beschleunigen. Diese Arbeit wird oft begleitet von inneren Bildern, Entspannung und Wohlbefinden.<\/p>\r\n<p>&nbsp;<\/p>\r\n<p style=\"text-align: center;\">Behandlungsdauer: zwischen 50 und 110 min.<br \/>Preise, je nach Anwendung, 70 \u20ac bis 120 \u20ac<\/p>\r\n<p>&nbsp;<\/p>\r\n<\/div>\r\n<\/div>\r\n<p>[\/vc_column_text][\/vc_column][\/vc_row][vc_row css=&#8220;.vc_custom_1550251570985{margin-top: -35px !important;margin-bottom: -35px !important;border-top-width: 0px !important;border-bottom-width: 0px !important;padding-top: 0px !important;padding-bottom: 0px !important;}&#8220;][vc_column][rev_slider_vc alias=&#8220;massage_sw&#8220;][\/vc_column][\/vc_row][vc_row bg_type=&#8220;image&#8220; parallax_style=&#8220;vcpb-vz-jquery&#8220; bg_image_new=&#8220;id^90|url^http:\/\/bodysmile.de\/wordpress\/wp-content\/uploads\/2019\/01\/buddha2.jpg|caption^null|alt^null|title^buddha2|description^null&#8220; bg_image_repeat=&#8220;no-repeat&#8220; bg_image_size=&#8220;initial&#8220; parallax_sense=&#8220;30&#8243; bg_override=&#8220;full&#8220; disable_on_mobile_img_parallax=&#8220;disable_on_mobile_img_parallax_value&#8220; css=&#8220;.vc_custom_1547741145933{padding-top: 30px !important;padding-bottom: 30px !important;}&#8220; el_id=&#8220;ayurveda&#8220;][vc_column][vc_column_text]<\/p>\r\n<h1 style=\"text-align: center;\">Ayurveda<\/h1>\r\n<div class=\"ueberlila\" style=\"text-align: center;\">\r\n<p style=\"text-align: center;\">Was ist Ayurveda ?<br \/><b>Ayurveda ist die Lehre vom langen Leben.<\/b><\/p>\r\n<\/div>\r\n<p>[\/vc_column_text][vc_column_text css=&#8220;.vc_custom_1550270621841{padding-bottom: 30px !important;}&#8220;]<\/p>\r\n<p style=\"text-align: center;\">Diese altindische traditionelle Behandlungsart ist nicht nur ein Genuss f\u00fcr alle Sinne, sondern wird auch seit f\u00fcnftausend Jahren mit erstaunlichem Heilerfolg angewandt.<\/p>\r\n<p>&nbsp;<\/p>\r\n<p style=\"text-align: center;\">Sie beinhaltet ein universelles, medizinisches System und beruht auf drei Grundkonstitutionen oder Lebensprinzipien, <b>(Doshas) <\/b>genannt. Sie hei\u00dfen: <b>VATA <\/b>(Bewegung &#8211; Wind), <b> PITTA <\/b>(Wandlung &#8211; Feuer), <b>KAPHA <\/b>(Struktur &#8211; Erde). Das Ayurveda geht davon aus, das alles, was lebt, nach diesem System funktioniert, dem eine beeindruckende umfangreiche Lehre und jahrhunderte lange Erfahrung zugrunde liegt.<\/p>\r\n<p>&nbsp;<\/p>\r\n<p style=\"text-align: center;\">Die ausgeglichenen Lebensprinzipien (Doshas) versprechen <b>Harmonie, Gesundheit, Vitalit\u00e4t, ewige Jugend <\/b>und <b>Rasayana <\/b>(wahre Sch\u00f6nheit strahlt von innen), das als die Krone des Ayurveda angesehen wird.<\/p>\r\n<p>&nbsp;<\/p>\r\n<p style=\"text-align: center;\">Ayurveda beinhaltet alle Behandlungen zur <b>K\u00f6rpermodellage, Verj\u00fcngung und Entschlackung, <\/b>wie spezielle Behandlungen und Massagen, mit warmen \u00d6l, Dampfb\u00e4der und Ern\u00e4hrungsempfehlungen.<\/p>\r\n<p>&nbsp;<\/p>\r\n<p style=\"text-align: center;\">Es werden warme, erlesene und n\u00e4hrende Aroma\u00f6le mit sanfter Spannung einmassiert. Die \u00d6le und die Strichf\u00fchrung dienen der <strong>Tiefenentspannung<\/strong> ebenso, wie dem <strong>L\u00f6sen von Toxinen<\/strong> aus dem Gewebe, was einen stark heilenden, reinigenden und somit verj\u00fcngenden Effekt hat.<\/p>\r\n<p>[\/vc_column_text][vc_column_text css=&#8220;.vc_custom_1548062740809{padding-top: 30px !important;}&#8220;]<\/p>\r\n<h1 style=\"text-align: center;\">Ayurvedische Entspannungsmassagen<\/h1>\r\n<p style=\"text-align: center;\">Entschlackung, Vitalisierung, Verj\u00fcngung durch Tiefenentspannung<\/p>\r\n<p>&nbsp;<\/p>\r\n<p>&nbsp;<\/p>\r\n<p>[\/vc_column_text][vc_column_text]<\/p>\r\n<div class=\"text\">\r\n<h3 style=\"text-align: center;\">Garshan<\/h3>\r\n<p style=\"text-align: center;\">Ganzk\u00f6rper Seidenhandschuhmassage<br \/>(durchblutungsf\u00f6rdernd, besonders geeignet bei Cellulite)<\/p>\r\n<p>&nbsp;<\/p>\r\n<h3 style=\"text-align: center;\">Abhyanga<\/h3>\r\n<p style=\"text-align: center;\">Sanfte Warm\u00f6lk\u00f6rpermassage<br \/>Der Schwerpunkt liegt auf langen, sanften Streichungen, bei der Kr\u00e4uter\u00f6le in die Haut einmassiert werden, um den K\u00f6rper zu erw\u00e4rmen und zu lockern und das Hautbild zu verbessern. Als \u201eGro\u00dfe Ein\u00f6lung mit liebenden H\u00e4nden\u201c wird die Abhyanga bildhaft bezeichnet.<\/p>\r\n<p>&nbsp;<\/p>\r\n<h3 style=\"text-align: center;\">Upanahasveda<\/h3>\r\n<p style=\"text-align: center;\">ayurvedische R\u00fcckenmassage<br \/>Schmerzpunkte und Verspannungen werden gezielt behandelt und aufgel\u00f6st.<\/p>\r\n<p>&nbsp;<\/p>\r\n<p style=\"text-align: center;\">Behandlungsdauer: zwischen 50 und 110 min.<br \/>Preise, je nach Anwendung, 70 \u20ac bis 120 \u20ac<\/p>\r\n<\/div>\r\n<p>[\/vc_column_text][\/vc_column][\/vc_row][vc_row css=&#8220;.vc_custom_1547741430570{padding-top: 30px !important;padding-bottom: 30px !important;}&#8220;][vc_column][vc_separator][\/vc_column][\/vc_row][vc_row css=&#8220;.vc_custom_1547741574559{padding-top: 30px !important;padding-bottom: 30px !important;}&#8220; el_id=&#8220;ueber-mich&#8220;][vc_column][vc_column_text]<\/p>\r\n<h1 style=\"text-align: center;\">\u00dcber mich<\/h1>\r\n<p style=\"text-align: center;\">Christian Dieditz \u2013 med. Masseur (Privat und private Kassen)<\/p>\r\n<p>[\/vc_column_text][\/vc_column][\/vc_row][vc_row bg_type=&#8220;image&#8220; parallax_style=&#8220;vcpb-vz-jquery&#8220; bg_image_new=&#8220;id^103|url^http:\/\/bodysmile.de\/wordpress\/wp-content\/uploads\/2019\/01\/am-strand.jpg|caption^null|alt^null|title^am-strand|description^null&#8220; bg_image_repeat=&#8220;no-repeat&#8220; parallax_sense=&#8220;30&#8243; bg_override=&#8220;ex-full&#8220; disable_on_mobile_img_parallax=&#8220;disable_on_mobile_img_parallax_value&#8220; ult_hide_row=&#8220;ult_hide_row_value&#8220; ult_hide_row_tablet_small=&#8220;xs_tablet&#8220; ult_hide_row_mobile=&#8220;mobile&#8220; ult_hide_row_mobile_large=&#8220;xl_mobile&#8220; css=&#8220;.vc_custom_1550521070759{padding-top: 280px !important;padding-bottom: 280px !important;}&#8220;][vc_column width=&#8220;1\/3&#8243;][\/vc_column][vc_column parallax=&#8220;content-moving&#8220; width=&#8220;1\/3&#8243;][\/vc_column][vc_column width=&#8220;1\/3&#8243;][\/vc_column][\/vc_row][vc_row bg_type=&#8220;image&#8220; parallax_style=&#8220;vcpb-vz-jquery&#8220; bg_image_new=&#8220;id^292|url^http:\/\/bodysmile.de\/wordpress\/wp-content\/uploads\/2019\/02\/am-strand_mobile.jpg|caption^null|alt^null|title^am-strand_mobile|description^null&#8220; bg_image_repeat=&#8220;no-repeat&#8220; parallax_sense=&#8220;30&#8243; bg_override=&#8220;ex-full&#8220; disable_on_mobile_img_parallax=&#8220;disable_on_mobile_img_parallax_value&#8220; parallax_content=&#8220;parallax_content_value&#8220; fadeout_row=&#8220;fadeout_row_value&#8220; ult_hide_row=&#8220;ult_hide_row_value&#8220; ult_hide_row_large_screen=&#8220;large_screen&#8220; ult_hide_row_desktop=&#8220;desktop&#8220; ult_hide_row_tablet=&#8220;tablet&#8220; css=&#8220;.vc_custom_1550521085442{padding-top: 280px !important;padding-bottom: 280px !important;}&#8220;][vc_column width=&#8220;1\/3&#8243;][\/vc_column][vc_column parallax=&#8220;content-moving&#8220; width=&#8220;1\/3&#8243;][\/vc_column][vc_column width=&#8220;1\/3&#8243;][\/vc_column][\/vc_row][vc_row css=&#8220;.vc_custom_1547728482310{padding-top: 30px !important;padding-bottom: 30px !important;}&#8220;][vc_column width=&#8220;1\/2&#8243;][vc_column_text]<\/p>\r\n<p>Seit ca. 30 Jahren bin ich medizinischer Masseur, habe seitdem durch verschiedene Aus- und Fortbildungen in den USA, Indien, Thailand und Deutschland meine Massagetechniken weiterentwickelt.<\/p>\r\n<p>[\/vc_column_text][\/vc_column][vc_column width=&#8220;1\/2&#8243;][vc_column_text]<\/p>\r\n<p>Einf\u00fchlsame und liebevolle Ber\u00fchrung geh\u00f6rt ebenso zu meinen Behandlungen wie das Wahrnehmen und L\u00f6sen von Spannungen.<\/p>\r\n<p>Massage ist eine wunderbare M\u00f6glichkeit, den eigenen K\u00f6rper neu zu sp\u00fcren und bei sich anzukommen, &#8222;nach Hause zu kommen&#8220;.<\/p>\r\n<p>[\/vc_column_text][\/vc_column][\/vc_row][vc_row disable_element=&#8220;yes&#8220;][vc_column][vc_separator][\/vc_column][\/vc_row][vc_row][vc_column][vc_separator][\/vc_column][\/vc_row][vc_row css=&#8220;.vc_custom_1547741313725{padding-top: 30px !important;padding-bottom: 30px !important;}&#8220; el_id=&#8220;kontakt&#8220;][vc_column][vc_column_text]<\/p>\r\n<h1 style=\"text-align: center;\">Kontakt<\/h1>\r\n<p>[\/vc_column_text][vc_column_text css=&#8220;&#8220;]<\/p>\r\n<p style=\"text-align: center;\"><strong>BodySmile<\/strong><br \/>Christian Dieditz, med. Masseur<\/p>\r\n<p style=\"text-align: center;\">Godewind Kampen<br \/>Norderheide 16a<br \/>25999 Kampen<\/p>\r\n<p style=\"text-align: center;\"><a href=\"tel:+4915120677777\">+49 151 206 77 777<\/a><br \/><a href=\"mailto:info@bodysmile.de\">info@bodysmile.de<\/a><\/p>\r\n<p>[\/vc_column_text][\/vc_column][\/vc_row][vc_row bg_type=&#8220;image&#8220; parallax_style=&#8220;vcpb-vz-jquery&#8220; bg_image_new=&#8220;id^127|url^http:\/\/bodysmile.de\/wordpress\/wp-content\/uploads\/2019\/01\/strand.jpg|caption^null|alt^null|title^strand|description^null&#8220; bg_image_repeat=&#8220;no-repeat&#8220; parallax_sense=&#8220;30&#8243; bg_override=&#8220;ex-full&#8220; disable_on_mobile_img_parallax=&#8220;disable_on_mobile_img_parallax_value&#8220; css=&#8220;.vc_custom_1550265874595{padding-top: 280px !important;padding-bottom: 280px !important;}&#8220;][vc_column width=&#8220;1\/3&#8243;][\/vc_column][vc_column parallax=&#8220;content-moving&#8220; width=&#8220;1\/3&#8243;][\/vc_column][vc_column width=&#8220;1\/3&#8243;][\/vc_column][\/vc_row][vc_row css=&#8220;.vc_custom_1550267174395{padding-top: 30px !important;}&#8220; el_id=&#8220;anfahrt&#8220;][vc_column][vc_column_text]<\/p>\r\n<h1 style=\"text-align: center;\">Anfahrt<\/h1>\r\n<p>[\/vc_column_text][vc_column_text]<\/p>\r\n<p style=\"text-align: center;\">Am Ortsausgang von <strong>Kampen<\/strong>, Richtung List, biegen Sie rechts ab in die Norderheide, nach 50 m wieder links, nach ca.300 m liegt auf der rechten Seite die <strong>Norderheide 16a<\/strong> (<strong>Godewind<\/strong>), Eingang linke Haush\u00e4lfte.<\/p>\r\n<p style=\"text-align: center;\"><a href=\"https:\/\/goo.gl\/maps\/qcfC2uKbgEEu5sdA8\" target=\"_blank\" rel=\"noopener external noreferrer\" data-wpel-link=\"external\">Anfahrt mit Hilfe von Google Maps<\/a><\/p>\r\n<p>[\/vc_column_text][\/vc_column][\/vc_row]<\/p><\/div>","protected":false},"excerpt":{"rendered":"<p>[vc_row el_id=&#8220;bodysmile&#8220;][vc_column][vc_single_image image=&#8220;29&#8243; img_size=&#8220;full&#8220; alignment=&#8220;center&#8220; image_hovers=&#8220;false&#8220; lazy_loading=&#8220;true&#8220;][\/vc_column][\/vc_row][vc_row css=&#8220;.vc_custom_1547659967716{padding-bottom: 30px !important;}&#8220;][vc_column][vc_column_text] \u00a0 Ihre Praxis f\u00fcr ganzheitliche K\u00f6rperarbeit auf Sylt. [\/vc_column_text][\/vc_column][\/vc_row][vc_row][vc_column width=&#8220;1\/2&#8243;][vc_column_text] BodySmile bieten Ihnen Massagen und Therapeutische Behandlungen in Kampen im Godewind. [\/vc_column_text][\/vc_column][vc_column width=&#8220;1\/2&#8243;][vc_column_text] Medizinische Massagen, Ayurvedische Anwendungen sowie unsere Therapeutischen Behandlungen verhelfen Ihnen zu neuer &#8222;Energie und Lebensfreude&#8220;. \u2013 Lassen Sie sich verw\u00f6hnen! [\/vc_column_text][\/vc_column][\/vc_row][vc_row disable_element=&#8220;yes&#8220;][vc_column][vc_separator][\/vc_column][\/vc_row][vc_row&hellip;<\/p>\n","protected":false},"author":1,"featured_media":0,"parent":0,"menu_order":0,"comment_status":"closed","ping_status":"closed","template":"template-microsite.php","meta":{"footnotes":""},"class_list":["post-6","page","type-page","status-publish","hentry","description-off"],"_links":{"self":[{"href":"https:\/\/bodysmile.de\/index.php\/wp-json\/wp\/v2\/pages\/6","targetHints":{"allow":["GET"]}}],"collection":[{"href":"https:\/\/bodysmile.de\/index.php\/wp-json\/wp\/v2\/pages"}],"about":[{"href":"https:\/\/bodysmile.de\/index.php\/wp-json\/wp\/v2\/types\/page"}],"author":[{"embeddable":true,"href":"https:\/\/bodysmile.de\/index.php\/wp-json\/wp\/v2\/users\/1"}],"replies":[{"embeddable":true,"href":"https:\/\/bodysmile.de\/index.php\/wp-json\/wp\/v2\/comments?post=6"}],"version-history":[{"count":212,"href":"https:\/\/bodysmile.de\/index.php\/wp-json\/wp\/v2\/pages\/6\/revisions"}],"predecessor-version":[{"id":325,"href":"https:\/\/bodysmile.de\/index.php\/wp-json\/wp\/v2\/pages\/6\/revisions\/325"}],"wp:attachment":[{"href":"https:\/\/bodysmile.de\/index.php\/wp-json\/wp\/v2\/media?parent=6"}],"curies":[{"name":"wp","href":"https:\/\/api.w.org\/{rel}","templated":true}]}}